5*t - v, q*t + 5*v - 228 = 0. What is the units digit of t?
2
Suppose 5*u = -0*b - b - 11, -2*b = 4*u + 4. Let p be (-4)/(b/(-1)) + -9. Let o = p + 24. What is the units digit of o?
6
Let v be -79 - 49*(-10)/(-70). Suppose -147 = -o - c - 53, -o = -4*c - 109. Let p = v + o. What is the units digit of p?
1
Suppose 13*d = -d + 55328. What is the hundreds digit of d?
9
What is the hundreds digit of (7 - (1 + -5182)) + -5?
1
Let g(c) = 29*c**2 + 9*c + 1. Let i be g(-7). Suppose -4*u + 484 - i = -5*t, t - 191 = 4*u. Suppose -200 - t = -7*w. What is the units digit of w?
3
Let s(f) = -66*f + 11 + 64*f + 11. Let d be s(11). Suppose -3*z + 7*z - 72 = d. What is the tens digit of z?
1
Let g(a) = 2*a**2 - 8*a. Suppose 6*r - 2*r = -4*i - 4, -4*r = -3*i - 3. Let u(z) = 3*z - 5. Let q be u(r). What is the tens digit of g(q)?
9
Let u = 223 + -108. Let s be 3 - (0 - -2) - 23. Let o = u + s. What is the tens digit of o?
9
Let h(j) = 2*j**3 + 109*j**2 + 23*j - 411. What is the units digit of h(-48)?
7
What is the hundreds digit of (((-284)/(-40) - 12/(-30)) + -6)*2404?
6
Suppose -335650 = -38*n + 157884 - 103274. What is the thousands digit of n?
0
Let t = -12 + 6. Let d(m) = -3 + 158*m - 11 - 172*m - 6. What is the tens digit of d(t)?
6
What is the thousands digit of (-9 + (-465)/25)/((-28)/42350)?
1
Let f(j) = 8*j**3 + 8*j**2 + j + 29. Let t be f(5). Let u = -853 + t. What is the units digit of u?
1
Let z(g) = -100*g + 7. Let n(t) be the first derivative of -25*t**2 + 3*t - 10. Let f(a) = -13*n(a) + 6*z(a). What is the units digit of f(2)?
3
What is the thousands digit of 15861/(-17)*15/(-5)?
2
Suppose 4*g = -b - 35, 3*b - 2 = -4*g - 35. Let k(t) = -2*t**2 - 15*t - 9. Let s be k(g). Let o = -23 - s. What is the units digit of o?
3
Let p = 371 + -221. Let u = p + -62. What is the units digit of u?
8
Let r(l) = -219*l - 149. Let y(v) = 109*v + 75. Let i(x) = 4*r(x) + 9*y(x). What is the tens digit of i(14)?
4
Suppose 3137 + 2032 - 111 = 18*a. What is the tens digit of a?
8
What is the ten thousands digit of (-34*2334/18)/(40/(-120))?
1
Suppose 3621150 = 562*t - 2105068. What is the units digit of t?
9
Suppose -33 = -j + 4*n - 13, -n + 12 = 4*j. Suppose 2*t + 3*r + 2*r = -83, -136 = j*t + 4*r. Let s = t + 54. What is the tens digit of s?
2
Let k be 2/5 + 288/30. Let q(n) = -7*n + k*n + 1 + 9*n**2 - 9*n + 5*n**2. What is the hundreds digit of q(3)?
1
Let h(m) = 19*m - 132. Let y be h(7). Let x(k) = 579*k - 2. What is the tens digit of x(y)?
7
Let n(c) = -4*c + 42. Let g be n(10). Suppose -3*o = -18 + 6, k + 2*o - g = 0. Let v(q) = q**2 + 3*q + 7. What is the tens digit of v(k)?
2
Suppose 5*p = 4*c + 44, -4*p - c = p - 39. Suppose -6*v = -p*v - 2*m + 28, 3*m = -2*v + 32. What is the tens digit of v?
1
Let t be -3 - 6 - -10 - 5/(-1). Suppose t*c - 1816 = 4904. What is the thousands digit of c?
1
What is the hundreds digit of (-91 + 1)*(-232336)/936?
3
What is the thousands digit of (-1)/(16/(-723040)*15*(-4)/(-18))?
3
Let s = -109 - -50. Let x = s + 155. What is the units digit of x?
6
Let v = -260 + 98. Suppose 2*i + 468 = -4*b, 2*i + 0*b = b - 493. Let p = v - i. What is the tens digit of p?
8
Let h(b) = b**2 - 4*b + 323. What is the tens digit of h(-41)?
6
Suppose -27*m - 7786 = -f - 22*m, 6*f - m - 46745 = 0. What is the units digit of f?
1
Let q = 11889 - 8056. What is the thousands digit of q?
3
Let l(p) = -39*p - 198. Let x be l(-5). Let u(a) = -382*a + 78. What is the units digit of u(x)?
4
Let l(k) = 75*k**2 + 35*k - 259. What is the thousands digit of l(6)?
2
Let t(x) = 3*x + 147. Suppose 5*u + 30 = 5*j - 50, u = -4*j - 26. What is the tens digit of t(u)?
9
Suppose 227*p - 208*p - 27360 = 0. What is the hundreds digit of p?
4
Suppose 43*b + 58405 - 79430 = 189374. What is the thousands digit of b?
4
Let x(i) = -19 + 4*i**2 - 13 - 5 - 7*i - 15 + 61. Suppose -7*w - l = -2*w - 20, 0 = 4*w + l - 17. What is the tens digit of x(w)?
2
What is the units digit of (0 - 9/(-6))/((114/(-31176))/(-19))?
4
What is the ten thousands digit of 3 - 6*((-5)/25 - 132398/10)?
7
Let p(x) = -975*x**3 - 17*x**2 - 41*x - 3. What is the thousands digit of p(-2)?
7
What is the units digit of 18/((-198)/(-24475)) + -8?
7
Suppose 31*a - 21*a = -150. What is the units digit of (a/6 - -3)*(831 - 7)?
2
Let p(n) = -n**3 + 6*n**2 + 18*n - 7. Let t be (-21 - -22)*(-2)/(4/(-2)). Let s(x) = 5*x + 3. Let h be s(t). What is the units digit of p(h)?
9
Let w be -1 - 516/14 - 2/14. Let y = -36 - w. Suppose y*b = -41 + 309. What is the hundreds digit of b?
1
Let m = -9 - -12. Suppose -4*w - 4071 = -5*o - 5*w, -2438 = -m*o + 4*w. What is the units digit of o?
4
Suppose -124528 = -15*d + 8589 + 102653. What is the thousands digit of d?
5
Suppose 6*f = 5*f. Suppose 5*x - 4421 + 796 = -5*k, 2*x - 2*k - 1450 = f. Suppose 11*w - x = 166. What is the tens digit of w?
8
What is the units digit of (-2023)/((-2 + 60/27)*12/(-72))?
1
Let v(o) = -o + 55. Let i be v(6). Let d = 56 - i. Let f(z) = 5*z**2 - 10*z + 3. What is the hundreds digit of f(d)?
1
Suppose -4*u = 2*g - 14 - 4, 5*u - 24 = -g. Suppose 3*d - 3*p = 1857, -3092 = -u*d - p + 3*p. What is the tens digit of d?
1
Suppose -2*p - p - 12 = 0. Suppose 8*q = 3*k + 11*q, 0 = -q + 4. What is the tens digit of p/4 - -21 - k?
2
Suppose 3 + 12 = -j. Let l be 4/(16/6)*(-50)/j. Suppose 0 = -l*r + 248 + 192. What is the units digit of r?
8
Let t be (-6)/(-4) + 94/188. What is the hundreds digit of (t/(-3))/((-64)/(-288)) - -1852?
8
What is the ten thousands digit of (1/3)/((27/27)/(204708/2))?
3
What is the tens digit of -4 - 555/(-5 + 238/49)?
8
Let j(r) = -6*r - 18. Let t be j(-7). Suppose 0 = -4*z - z - 3*p + 30, 4*z + 5*p - t = 0. Let f(n) = n**3 - 5*n**2 + 2*n + 3. What is the units digit of f(z)?
1
Let m be (10/15)/((-2)/279). Let p = 295 - 49. Let c = p + m. What is the units digit of c?
3
Let n = -12 + 37. Let l be ((-105)/n)/((-3)/(-30)). Let s = l - -52. What is the units digit of s?
0
Suppose 0 = 343*q - 756584 - 4584269. What is the hundreds digit of q?
5
Suppose -u + 48658 = 4*m, -28*m + 97298 = 2*u - 23*m. What is the thousands digit of u?
8
Let u = 32 - 312. Let a = u + 496. What is the tens digit of a?
1
Let f(y) = -y**2 + 5*y + 11. Let w be f(5). Suppose 0 = w*a - 5270 - 3992. What is the tens digit of a?
4
Let k(w) = -10*w - 31. Let z(t) = -10*t - 34. Let x(h) = 7*k(h) - 6*z(h). Suppose -5*a + 10*a - 60 = 5*c, -a - 30 = 2*c. What is the hundreds digit of x(c)?
1
Let p be 4*1/(-5)*(-60)/12. Suppose -p = 2*s - 3*s. Suppose 7*z + s*z - 935 = 0. What is the units digit of z?
5
What is the units digit of (-1380 - 2)/(5 + (-126)/24)?
8
Suppose 2*v = -0*v. Let n(d) = -d**2 + 4. Let i be n(v). Suppose i*h - 31 = 9. What is the tens digit of h?
1
Suppose -7*y + 933 = -3*r - 9*y, 5*y - 1530 = 5*r. Let v = 1 - r. What is the units digit of v?
0
Suppose 5*z + 2*r - 201834 = 0, 2*r = 83*z - 78*z - 201866. What is the tens digit of z?
7
Let f = 74 - -229. Suppose 3*h - 4*y = f, 3*y - 114 = 2*h - 3*h. What is the tens digit of h?
0
Suppose -172 = -3*u - 4*w + 6*w, -u + 55 = -3*w. Suppose -24*n = -u - 182. What is the tens digit of n?
1
Suppose -5*d = 5*c - 33860, -10*d + 15*d - 13532 = -2*c. What is the thousands digit of c?
6
Suppose 23*o = 7*o + 160. Suppose 12*z - o*z = 1880. What is the tens digit of z?
4
What is the ten thousands digit of (-294)/(-98) + (-1)/((-157000)/(-52334) + -3)?
2
Let j(t) = 85*t + 133 + 150 - 254. What is the tens digit of j(4)?
6
Let j(a) = a**3 + 22*a**2 + 22*a + 49. Suppose -42 = -k + 3*k. Let l be j(k). Suppose 0 = -27*y + l*y - 82. What is the tens digit of y?
8
Suppose -4*z + 10550 = 4*h - 6458, -21236 = -5*h - z. What is the tens digit of h?
4
Let g = -136 + 138. Suppose 2*x = -g*q - q + 741, -737 = -2*x + q. What is the hundreds digit of x?
3
Let r be 0/((-17 - -16)/((-2)/(-4))). Suppose -a + 3*l + 10 = r, 3*a - 4*l - 20 + 5 = 0. What is the units digit of (38/8)/(0 + a/4)?
9
Let u = 32159 - 508. What is the thousands digit of u?
1
Let n be 63038*(-3)/(-36) + 1/(-6). Suppose -21*p + 14991 + n = 0. What is the units digit of p?
4
Let y = -1548 + 1084. Let z = 794 + y. Suppose 0 = 12*i - 9*i - z. What is the hundreds digit of i?
1
Let c be 10/(-15) + 2/15*5. Suppose 3*j + 4*o - 262 = c, 2*o + 369 = 5*j - 59. Let q = 